5002
In base 5, what is 133 - -2311?
2444
In base 3, what is -122 - -100202122?
100202000
In base 6, what is 4234 - -34340?
43014
In base 10, what is -1282582 - 1?
-1282583
In base 4, what is 21002032 - -13?
21002111
In base 11, what is -1 - 156aa3?
-156aa4
In base 14, what is 2cadb + -4?
2cad7
In base 16, what is -174 - -5e?
-116
In base 3, what is 10 + -1012001102?
-1012001022
In base 13, what is 18a9 - -3a?
1916
In base 6, what is 1233044 - -2?
1233050
In base 13, what is -c - -b97a?
b96b
In base 16, what is -2 - -c77c?
c77a
In base 7, what is -64 - 240?
-334
In base 5, what is -4231212 - 1?
-4231213
In base 12, what is 2 + -7354?
-7352
In base 6, what is -23444 + 1?
-23443
In base 8, what is -6 + -30507?
-30515
In base 14, what is 1b - -c44?
c61
In base 3, what is 10 - 1212022012?
-1212022002
In base 15, what is -1 + -8ecb?
-8ecc
In base 9, what is 163 + -24603?
-24430
In base 4, what is -1303230 - 1212?
-1311102
In base 10, what is -2 - 25741?
-25743
In base 14, what is 17877 + -3?
17874
In base 13, what is -3bc6 - 3?
-3bc9
In base 12, what is -1a2229a - -2?
-1a22298
In base 10, what is 5 + -42581?
-42576
In base 6, what is -1 - -2142210?
2142205
In base 12, what is 4 - 761?
-759
In base 13, what is 781 - 11a?
664
In base 7, what is 41543461 - 5?
41543453
In base 3, what is 1212211012 + 1?
1212211020
In base 3, what is -2 + -2010100120?
-2010100122
In base 2, what is 100101 - -1000000111110000?
1000001000010101
In base 14, what is -1594d2 - -1?
-1594d1
In base 7, what is 3333 - 13014?
-6351
In base 6, what is -4 + -110501?
-110505
In base 11, what is 8 - 40016?
-40009
In base 8, what is -1413 - 75?
-1510
In base 13, what is 23 - 147a?
-1457
In base 13, what is -57059 + -4?
-57060
In base 2, what is -1100 - 111010010001?
-111010011101
In base 16, what is 18a + -210f?
-1f85
In base 8, what is -1350701 + -5?
-1350706
In base 4, what is 10320323331 - -2?
10320323333
In base 14, what is -695 + -4c?
-703
In base 2, what is 100000110110110100101 - -10?
100000110110110100111
In base 4, what is 2100310302 - 1?
2100310301
In base 16, what is -5 - -5b3fd?
5b3f8
In base 12, what is -29 - -15722?
156b5
In base 14, what is -1 + -2b86?
-2b87
In base 7, what is 4 - -6622323?
6622330
In base 5, what is -121 + 31200?
31024
In base 9, what is 5104 - 0?
5104
In base 11, what is -1 + -33a58?
-33a59
In base 2, what is 11110001 - 1101?
11100100
In base 14, what is -42bda + -1?
-42bdb
In base 9, what is -380688 + -4?
-380703
In base 7, what is 50 + 34251?
34331
In base 5, what is 2244330 - -44?
2244424
In base 10, what is -77 + -984?
-1061
In base 8, what is 7305 + 112?
7417
In base 3, what is -122 - -110012000020?
110011222121
In base 4, what is -13021 + 221111?
202030
In base 5, what is 20 + -33323224?
-33323204
In base 3, what is -10 + -100210221?
-100211001
In base 10, what is -3767 - -129?
-3638
In base 11, what is 347 + -261?
96
In base 9, what is 4 + -37877?
-37873
In base 9, what is 8731 + 3?
8734
In base 14, what is 21b - -1d6?
413
In base 16, what is -1f - eec6?
-eee5
In base 10, what is -5 - -216712?
216707
In base 9, what is 6 - 541?
-534
In base 13, what is 0 - -17b2a?
17b2a
In base 6, what is 10 + -44523?
-44513
In base 10, what is -165598 - 29?
-165627
In base 11, what is 28411 + 5?
28416
In base 9, what is 0 - -27004?
27004
In base 13, what is 49754 - -6?
4975a
In base 4, what is -2223000023 - 11?
-2223000100
In base 3, what is 112011200221 + -2?
112011200212
In base 2, what is 100011000001 - -100?
100011000101
In base 16, what is 112c - 1?
112b
In base 14, what is 1 + 226ad1?
226ad2
In base 5, what is 30113 - 402?
24211
In base 11, what is 44 + -128?
-94
In base 7, what is 11 - -11363?
11404
In base 9, what is -2 - 137066?
-137068
In base 16, what is 9 - -4d85?
4d8e
In base 3, what is 101121120 - 100?
101121020
In base 4, what is 30 + -10233?
-10203
In base 4, what is 203122110 - 11?
203122033
In base 15, what is -9dec - 3?
-9e00
In base 14, what is 13 + -3c60?
-3c4b
In base 14, what is -4 + 2bbc2?
2bbbc
In base 11, what is -1 + 12355?
12354
In base 12, what is a56 - -13a?
b94
In base 13, what is -2 - -7225?
7223
In base 10, what is 135487 - 1?
135486
In base 10, what is -27380 - 3?
-27383
In base 14, what is -2 - 26236c?
-262370
In base 16, what is 11d - -242?
35f
In base 7, what is 2232 - -6336?
11601
In base 10, what is 4 - -20511?
20515
In base 15, what is -c5a + -b?
-c66
In base 3, what is 102111211212102 - 1?
102111211212101
In base 11, what is 5a9 - 1232?
-734
In base 15, what is 118c - 4?
1188
In base 13, what is b298 + -7?
b291
In base 3, what is 201211 + 12112220?
20021201
In base 5, what is 2302 - 123?
2124
In base 3, what is -211102 + 11110100?
10121221
In base 4, what is 13232132 - 10?
13232122
In base 13, what is -6b + -53c?
-5aa
In base 15, what is -5 + a48d5?
a48d0
In base 5, what is 3 - 2423134?
-2423131
In base 4, what is 103 - -112223?
112332
In base 14, what is -108c975 + 3?
-108c972
In base 14, what is 414 + 29?
43d
In base 11, what is 1a3 - -49?
241
In base 15, what is 8 - 9a25?
-9a1c
In base 3, what is -10020102 + 112211?
-2200121
In base 5, what is -120 + -11344432?
-11400102
In base 9, what is -5 + -36156?
-36162
In base 12, what is -5 + 46b64?
46b5b
In base 5, what is -1033033 + -11?
-1033044
In base 12, what is 5 + -ab853?
-ab84a
In base 4, what is -313331 - -23?
-313302
In base 14, what is 3a + 1b0?
20a
In base 8, what is 23 + 16740?
16763
In base 5, what is -1 + -31202113?
-31202114
In base 12, what is -481 + 50a0?
481b
In base 15, what is -5e65 - -3d?
-5e27
In base 13, what is -38a0 + -393?
-3c63
In base 4, what is 1003 - 1000102?
-333033
In base 5, what is -21 - 4032043?
-4032114
In base 9, what is -44545 - 16?
-44562
In base 5, what is -11021 + -120221?
-131242
In base 8, what is 206415 - -1?
206416
In base 2, what is -10101101010 + 11110?
-10101001100
In base 13, what is -4b03 - c?
-4b12
In base 8, what is 31337 - -7?
31346
In base 7, what is 22333 + -505?
21525
In base 3, what is -2 + -20011012?
-20011021
In base 10, what is 154730 + 2?
154732
In base 15, what is 1028a - 6?
10284
In base 8, what is 4 - -4414?
4420
In base 5, what is 4300 + 32102?
41402
In base 12, what is 4a7a9 - 5?
4a7a4
In base 7, what is 111 - -14450?
14561
In base 16, what is 2e1 + 34f?
630
In base 16, what is 6 - 5f64?
-5f5e
In base 3, what is -10 - 1201211120?
-1201211200
In base 14, what is -99 - -3992?
38d7
In base 5, what is 443122 - -213?
443340
In base 5, what is 3112434 - 2?
3112432
In base 6, what is -4150 - 0?
-4150
In base 10, what is 24989 + -38?
24951
In base 11, what is 2666a - 63?
26607
In base 14, what is 7 + -34b8?
-34b1
In base 14, what is -58 - 68a6?
-6920
In base 11, what is 78 - -a5?
172
In base 13, what is -12c29 - -4?
-12c25
In base 12, what is -278a5 - a?
-278b3
In base 12, what is 615b8 - 3?
615b5
In base 9, what is -5 - 11432?
-11437
In base 5, what is 11303 - 1221?
10032
In base 13, what is -10b - 22a6?
-23b4
In base 10, what is 5543 - 74?
5469
In base 2, what is 111 - 110101110101?
-110101101110
In base 14, what is a1a + -723?
2d7
In base 11, what is -17a499 - 0?
-17a499
In base 4, what is 3 - 110100323?
-110100320
In base 6, what is 5 + 2111224?
2111233
In base 7, what is 144 + 15204?
15351
In base 6, what is 3 + 5354105?
5354112
In base 9, what is 166431 + 5?
166436
In base 16, what is -2e + -4cc1?
-4cef
In base 7, what is 20 + 400226?
400246
In base 2, what is -10000100100 - -1111?
-10000010101
In base 11, what is -2 + -67310?
-67312
In base 8, what is -1412 - -17?
-1373
In base 10, what is 286 - -28?
314
In base 3, what is 200 - 2?
121
In base 7, what is 604611 - 3?
604605
In base 9, what is -440716 + 0?
-440716
In base 14, what is 3457 + -bc?
3379
In base 3, what is -21121101202 - 12?
-21121101221
In base 14, what is -4 + -36918?
-3691c
In base 9, what is -4 + -62600?
-62604
In base 6, what is -10535 - 2?
-10541
In base 14, what is 2 + -439a0?
-4399c
In base 4, what is -211 - -23?
-122
In base 9, what is -76408 - -2?
-76406
In base 3, what is 10121100020021 - 10?
10121100020011
In base 5, what is -132 + 34434?
34302
In base 8, what is 226155 - -17?
226174
In base 10, what is -22171 - 1?
-22172
In base 4, what is 320003 - -1?
320010
In base 5, what is 31442 + -1244?
30143
In base 2, what is 100 + 10001100